
Let g(b) = -7*b + 2. Let n = -53 - -55. Let i be 1 + n + 2/4*-2. Suppose -i*h + 3*h = -2. Determine g(h).
16
Let w(i) = 355 - i + 244 - 598 + i**2 + 2*i**3. Let a = -2 - -4. Suppose 2*s + a*s = 4. Determine w(s).
3
Let c = -549 - -1083. Let m = c - 541. Let l(g) = -g**3 - 7*g**2 - 2*g - 16. Give l(m).
-2
Let p(q) = -372*q - 8. Let f(w) = -1190*w - 24. Let s(o) = -5*f(o) + 16*p(o). Determine s(-8).
8
Let k = 45 - 53. Let f(t) = 209*t + 2*t**2 - t**2 - 197*t + 25. Let p be f(k). Let a(j) = -j - 13. Determine a(p).
-6
Let o(l) = -11*l + 12. Suppose -9*t + 13*t = -y + 6, 4*t - 2*y = 0. Determine o(t).
1
Let i be (-1)/(-3) + ((-130)/(-30))/(-13). Let p be (-12)/(-20) + (i - 27/(-5)). Let c(w) be the first derivative of w**2 - 9*w - 1. Calculate c(p).
3
Let y(z) = -2 - 128*z + 65*z + 37*z + 51*z + 7. Give y(-2).
-45
Let m(f) be the third derivative of -17*f**4/24 - f**3/2 - 7209*f**2. What is m(-2)?
31
Let i(y) = -1 + 3 - 3*y - 23 + 2*y. Suppose 4*k - 235*u + 233*u + 46 = 0, 3*k = -u - 37. What is i(k)?
-9
Let c(o) = -o**3 + 1395*o + 62 - 698*o - 24*o**2 - 718*o. Calculate c(-23).
16
Let h(v) = 7*v**2 - 11. Let q(w) = -2*w**2 - w - 1. Let a(t) = -h(t) - 3*q(t). Let u(p) = -p**2 + 3*p + 14. Let j(o) = 3*a(o) - 4*u(o). Give j(6).
4
Let m(k) = 2*k**2 + 196*k - 2152. Let y be m(10). Let z(h) = -2*h**2 + 6*h - 16. What is z(y)?
-96
Let u be 5 + 109 + 4 + 3. Let f = u + -127. Let b(n) = n**2 + 5*n + 1. Determine b(f).
7
Let d be (15 - 135/9)/2. Let v(g) be the third derivative of d*g + 1/24*g**4 - 1/6*g**3 - 18*g**2 + 0. What is v(5)?
4
Let f(n) = -3*n**2 - 4*n + 5. Let p(a) = 27*a**2 - 132*a - 13. Let g be p(5). What is f(g)?
-15
Let u = 3 + -6. Let a(f) = 161*f - 1. Let r(j) = -883*j + 5. Let y(m) = 11*a(m) + 2*r(m). Give y(u).
-16
Let t(f) = -6*f**2 - 5*f + 2. Suppose -5*m - 1425 + 1416 = -3*b, -10 = 2*m + 2*b. Calculate t(m).
-37
Let s(t) = -3 + 3 - 3*t. Let v(g) = g. Let m = 1837 - 1836. Let q(c) = m*s(c) + 2*v(c). What is q(-1)?
1
Let r be (-3 - 3)*(-7)/(-21). Let a(f) be the third derivative of f**5/20 + f**4/24 + f**3/3 - 807*f**2. Determine a(r).
12
Let r(w) = 181*w**2 + 97*w - 7. Let l(s) = 322*s**2 + 170*s - 12. Let f(t) = 9*l(t) - 16*r(t). Determine f(11).
4
Suppose 0*i + 12 = 3*i. Suppose -5*j = -i*g + 8*g - 18, -5*g - j + 12 = 0. Let l(u) = -u**3 - 473*u + 473*u + 3*u**g - 1. What is l(3)?
-1
Let j = -156 - -161. Let d(g) = 4*g**2 - 17*g - 19. Let f(u) = -2*u**2 + 9*u + 10. Let b(o) = j*f(o) + 2*d(o). Calculate b(6).
6
Let g(l) = -5*l + 50. Let t be ((-1414)/126 + (-4)/(-18))*-1. Calculate g(t).
-5
Let c(d) = -d**3 - 2*d**2 - 15. Suppose 3*o + 14 = -4*w - 7, 5*o = -w - 35. What is c(w)?
-15
Let c(q) = -2374*q**2 - 5*q - 2366*q**2 + 0*q**3 - 24 + 4744*q**2 + q**3. What is c(-5)?
-24
Suppose -3*g + 4*c + 24 = 0, 3*g + g = -5*c + 1. Suppose 0 = 2*i + g*s - 4, -13*s + 10*s = -4*i + 19. Let d(q) = -2*q**2 + 6*q - 2. Calculate d(i).
-10
Suppose 3*r - 12 = -2*n, -4*n - 18 = -24*r + 23*r. Let w(v) = v**2 - 5*v + 4. Give w(r).
10
Let s be (5/(-15))/(((-91)/(-63))/13). Let a(z) = 6*z - 7. Give a(s).
-25
Let v(b) = b + b**2 + 17*b + 10 - 35 + 8 + b. What is v(-20)?
3
Let l(j) = 8*j - 6. Let f(m) = -1. Let d(a) = 8*f(a) - l(a). Let x be d(-4). Let k = x - 23. Let y(r) = -r**2 + 7*r - 7. Calculate y(k).
-7
Let m(h) = -h**3 + 2*h**2 - 5*h + 1. Let v(f) be the first derivative of -f**3/3 + 17*f**2/2 - 48*f + 144. Let r be v(13). Calculate m(r).
-51
Let l(o) be the second derivative of o**7/1260 - o**6/72 - o**5/15 + 17*o**4/3 + 60*o. Let m(c) be the third derivative of l(c). What is m(6)?
4
Suppose 0 = a + 5, 0 = -2*o + 7*o + 4*a - 165. Suppose 8*q + o - 13 = 0. Let v(r) = r**3 + 3*r**2 - 3 - 3*r**2 + 2*r**2 - 4*r. Calculate v(q).
0
Let m(g) be the first derivative of g**4/4 - 3*g**3 + 7*g**2/2 + g - 15. Let t(v) = -8*v**3 + v**2 - 12*v - 13. Let n be t(-1). Determine m(n).
-7
Let o(r) = 4*r - 15. Let p(g) = -2 + 3*g - 15 + 2. Let v(c) = -4*o(c) + 5*p(c). Calculate v(-16).
1
Let a(m) = -19*m - 167. Let w(u) = -8*u - 74. Let l(n) = -3*a(n) + 7*w(n). Calculate l(17).
0
Let o(b) = -b**3 + 5*b**2 - 4*b + 6. Let j = 29 + -11. Suppose j*w - 8 = 16*w. Determine o(w).
6
Let n(i) = i + 14. Let f(t) = -4*t - 12. Let o be f(-3). Suppose 29 = p - y, o*p - 2*p - 4*y = -76. Let u = -32 + p. Calculate n(u).
14
Suppose 11*h = 5*h + 108. Suppose -7*q + h = -q. Let g(v) = 14*v**2 + 11*v + 26. Let r(t) = -5*t**2 - 4*t - 9. Let z(p) = -6*g(p) - 17*r(p). Calculate z(q).
12
Let b = 8178 + -8181. Let j(h) = -1 - h**2 + 0*h**2 + 0*h - 2*h. Let l(s) = s**2 + 3*s + 3. Let r(y) = -5*j(y) - 2*l(y). What is r(b)?
14
Let f(q) = 5*q**2 + 10*q + 1. Let a(u) = u**2 + 4. Let s(i) = -4*a(i) + f(i). What is s(-11)?
-4
Let g(t) = 21*t + 61. Let z be (-13 - -5) + 1 + 4. Calculate g(z).
-2
Suppose 5*t + 45 = 4*m, -t - 30 = m - 6*m. Let h(o) = -7*o**2 + 58*o - 390. Let d(z) = 3*z**2 - 25*z + 164. Let f(j) = 19*d(j) + 8*h(j). Determine f(m).
-34
Suppose 1913 = -154*j - 551. Let k(x) = -41*x - 656. Calculate k(j).
0
Let d = 162 - 162. Let s(l) = l**2 - 1 + 3*l**2 - l**2 + d + l. Let o be 5/10 + (-12)/(-8). Calculate s(o).
13
Let h(n) = -n + 24. Let t(r) = 3*r - 73. Suppose 6*l - 17*l - 33 = 0. Let d(c) = l*t(c) - 10*h(c). Let v be -1*1/(-1)*0. Give d(v).
-21
Let n(f) be the second derivative of f**5/20 + 11*f**4/12 + 5*f**3/6 - 5*f**2/2 - 129545*f. Let t(x) = -11*x**3 + x**2. Let q be t(1). Give n(q).
45
Suppose -c = -5*j + 12, 2*j + c = j + 6. Suppose 4*s - 5 = j*s + 4*h, 40 = -4*s - 4*h. Let i(y) = -1 + 6*y + y**2 + 8 - 1 + y. What is i(s)?
6
Let v(m) be the third derivative of -1/3*m**3 + 3/8*m**4 + m**2 + 8*m + 1/60*m**5 + 0. Determine v(-11).
20
Let x(s) be the third derivative of 0*s + 41*s**2 + 1/24*s**4 + 0 - 1/3*s**3 - 1/15*s**5. Calculate x(-2).
-20
Let y = -406 - -410. Let b(n) be the third derivative of -3*n**2 + 0*n + 0 - 1/12*n**y - 1/6*n**3. What is b(-3)?
5
Let i(d) = 277*d**2 + 138*d**2 + 6 - 6*d - 416*d**2. Suppose -3*l + 14 = -4*t, 0*t - 4*t + l = 18. Calculate i(t).
11
Let r be (-28)/(-9) + -3 - (-2546)/171. Let i = 11 - r. Let a(y) = 2*y**2 + 3*y - 1. What is a(i)?
19
Let z(m) be the first derivative of m**4/4 - 5*m**3/3 - 5*m**2/2 - 21*m - 492. Give z(6).
-15
Suppose 0 = 3*s + 12 - 54. Let y(k) = 0*k + 7 - k - s. Calculate y(-6).
-1
Let f(c) = -c**2 - 14*c - 18. Suppose 3*z = 1 + 5, 2*r + 5*z = -16. What is f(r)?
-5
Let w be (-4)/(-15) - (-6116)/(-660). Let f(p) = p**2 + 12*p. Give f(w).
-27
Let h(w) = -w**2 - 372*w - 6705. Let q be h(-19). Let m(o) = 2*o - 10. Let n(f) = -f + 10. Let b(u) = -7*m(u) - 6*n(u). What is b(q)?
-6
Let c(b) be the first derivative of b**5/20 - 5*b**4/12 + b**3 - 3*b**2/2 + 48*b + 198. Let x(o) be the first derivative of c(o). What is x(4)?
5
Let n(l) be the third derivative of -l**6/120 - 2*l**5/15 - l**3/6 + 2*l**2 + 73*l. What is n(-8)?
-1
Let l(y) = 42*y - 12. Let d be l(12). Let j(p) = 487*p + d*p - 4 - 985*p. Give j(-3).
14
Suppose 0 = -0*z - 7*z + 63. Let n(m) = -m**3 + 10*m**2 - 33*m - 10. Let x(c) = -2*c - 2. Let g(o) = -n(o) + 11*x(o). What is g(z)?
6
Let z(m) be the third derivative of m**5/60 - m**4/4 + 2*m**3/3 + m**2. Suppose 0 = -5*i - 38 + 73. Suppose i*l + 13*l = 100. Give z(l).
-1
Let m be (3 - 1) + (-9)/(36/32). Let j(g) = 3 - 146*g**2 - 11 + 145*g**2 - 6*g. What is j(m)?
-8
Let l be (-32)/208 + (-100)/26. Let g(o) = 59 + o**2 - 23 + o**2 + 5*o - 13 - 19. Determine g(l).
16
Let c(s) = -3*s**2 + 2*s + 2. Let m(q) = 2*q**2 + 7*q - 4. Let u be m(-4). Suppose n - 7 = -u*n. Let z be 16/n - (-12)/(-42). What is c(z)?
-6
Let q(o) = 5*o**3 + 3*o**2 + 12*o + 5. Let a(g) = g**3 + g**2 + 3*g + 1. Suppose 8*i - 41 = 31. Let k(l) = i*a(l) - 2*q(l). Give k(4).
-5
Let h(r) be the second derivative of r**7/840 - r**5/60 + 7*r**4/24 - 107*r**3/6 + 82*r. Let z(f) be the second derivative of h(f). What is z(0)?
7
Let l = 91 + -99. Let y(q) be the first derivative of -q**5/120 - 7*q**4/24 + 32*q**3/3 + 7. Let c(t) be the third derivative of y(t). Give c(l).
1
Let o be (-10)/(-3)*(-13)/((-260)/144). Suppose 0 = 5*s + 4*x + o, 3*s + 58 - 14 = 5*x. Let j(i) = -i**2 - 8*i + 6. Calculate j(s).
6
Let u(w) = -7*w - 41. Suppose -408 = 13*a - 252. Calculate u(a).
43
Let p = 110 + -57. Suppose -p*n = -52*n - 6. Let m(b) = 9 + b + 0 - 7 - 3. What is m(n)?